{"id":9,"date":"2016-07-30T01:04:04","date_gmt":"2016-07-30T04:04:04","guid":{"rendered":"http:\/\/protech24.com.ar\/?page_id=9"},"modified":"2025-08-22T12:08:15","modified_gmt":"2025-08-22T15:08:15","slug":"alarmas-pro-tech24","status":"publish","type":"page","link":"https:\/\/protech24.com.ar\/","title":{"rendered":"Alarmas Pro-Tech24"},"content":{"rendered":"\n<figure class=\"wp-block-video\"><video height=\"480\" style=\"aspect-ratio: 640 \/ 480;\" width=\"640\" autoplay controls loop muted src=\"https:\/\/protech24.com.ar\/wp-content\/uploads\/2024\/08\/PRO-TECH24-4.mp4\"><\/video><\/figure>\n\n\n\n<p class=\"has-text-align-center\">Pro-Tech24 es una empresa l\u00edder en instalaci\u00f3n, mantenimiento y monitoreo de sistemas de alarmas, as\u00ed como servicio de instalaci\u00f3n de c\u00e1maras con grabaci\u00f3n digital y servicio de video monitoreo, asociado mayorista de Central de Monitoreo Rosario, contando con operadores de primer nivel, y servicio t\u00e9cnico de post venta propio.<\/p>\n\n\n\n<p class=\"has-text-align-center\"><strong>Conf\u00ede usted tambi\u00e9n en Pro-Tech24<\/strong><\/p>\n\n\n<div class=\"wp-block-image\">\n<figure class=\"aligncenter size-full\"><img loading=\"lazy\" decoding=\"async\" width=\"1024\" height=\"1005\" src=\"https:\/\/protech24.com.ar\/wp-content\/uploads\/2025\/08\/75.200-IVA-10.png\" alt=\"\" class=\"wp-image-306\" srcset=\"https:\/\/protech24.com.ar\/wp-content\/uploads\/2025\/08\/75.200-IVA-10.png 1024w, https:\/\/protech24.com.ar\/wp-content\/uploads\/2025\/08\/75.200-IVA-10-300x294.png 300w, https:\/\/protech24.com.ar\/wp-content\/uploads\/2025\/08\/75.200-IVA-10-768x754.png 768w\" sizes=\"auto, (max-width: 1024px) 100vw, 1024px\" \/><\/figure>\n<\/div>\n\n<div class=\"wp-block-image\">\n<figure class=\"aligncenter size-large\"><img loading=\"lazy\" decoding=\"async\" width=\"1024\" height=\"1024\" src=\"https:\/\/protech24.com.ar\/wp-content\/uploads\/2024\/06\/IMG-20240602-WA0010-1024x1024.jpg\" alt=\"\" class=\"wp-image-264\" srcset=\"https:\/\/protech24.com.ar\/wp-content\/uploads\/2024\/06\/IMG-20240602-WA0010-1024x1024.jpg 1024w, https:\/\/protech24.com.ar\/wp-content\/uploads\/2024\/06\/IMG-20240602-WA0010-300x300.jpg 300w, https:\/\/protech24.com.ar\/wp-content\/uploads\/2024\/06\/IMG-20240602-WA0010-150x150.jpg 150w, https:\/\/protech24.com.ar\/wp-content\/uploads\/2024\/06\/IMG-20240602-WA0010-768x768.jpg 768w, https:\/\/protech24.com.ar\/wp-content\/uploads\/2024\/06\/IMG-20240602-WA0010.jpg 1080w\" sizes=\"auto, (max-width: 1024px) 100vw, 1024px\" \/><\/figure>\n<\/div>\n\n\n<hr class=\"wp-block-separator has-css-opacity\"\/>\n\n\n<div class=\"wp-block-image\">\n<figure class=\"aligncenter size-full\"><img loading=\"lazy\" decoding=\"async\" width=\"1080\" height=\"1080\" src=\"https:\/\/protech24.com.ar\/wp-content\/uploads\/2025\/08\/48-1.png\" alt=\"\" class=\"wp-image-316\" srcset=\"https:\/\/protech24.com.ar\/wp-content\/uploads\/2025\/08\/48-1.png 1080w, https:\/\/protech24.com.ar\/wp-content\/uploads\/2025\/08\/48-1-300x300.png 300w, https:\/\/protech24.com.ar\/wp-content\/uploads\/2025\/08\/48-1-1024x1024.png 1024w, https:\/\/protech24.com.ar\/wp-content\/uploads\/2025\/08\/48-1-150x150.png 150w, https:\/\/protech24.com.ar\/wp-content\/uploads\/2025\/08\/48-1-768x768.png 768w, https:\/\/protech24.com.ar\/wp-content\/uploads\/2025\/08\/48-1-600x600.png 600w\" sizes=\"auto, (max-width: 1080px) 100vw, 1080px\" \/><\/figure>\n<\/div>\n\n<div class=\"wp-block-image\">\n<figure class=\"aligncenter size-full\"><img loading=\"lazy\" decoding=\"async\" width=\"1080\" height=\"1080\" src=\"https:\/\/protech24.com.ar\/wp-content\/uploads\/2025\/08\/ProTech24-Feed-IG-37.png\" alt=\"\" class=\"wp-image-317\" srcset=\"https:\/\/protech24.com.ar\/wp-content\/uploads\/2025\/08\/ProTech24-Feed-IG-37.png 1080w, https:\/\/protech24.com.ar\/wp-content\/uploads\/2025\/08\/ProTech24-Feed-IG-37-300x300.png 300w, https:\/\/protech24.com.ar\/wp-content\/uploads\/2025\/08\/ProTech24-Feed-IG-37-1024x1024.png 1024w, https:\/\/protech24.com.ar\/wp-content\/uploads\/2025\/08\/ProTech24-Feed-IG-37-150x150.png 150w, https:\/\/protech24.com.ar\/wp-content\/uploads\/2025\/08\/ProTech24-Feed-IG-37-768x768.png 768w, https:\/\/protech24.com.ar\/wp-content\/uploads\/2025\/08\/ProTech24-Feed-IG-37-600x600.png 600w\" sizes=\"auto, (max-width: 1080px) 100vw, 1080px\" \/><\/figure>\n<\/div>\n\n<div class=\"wp-block-image\">\n<figure class=\"aligncenter size-full\"><img loading=\"lazy\" decoding=\"async\" width=\"1080\" height=\"1080\" src=\"https:\/\/protech24.com.ar\/wp-content\/uploads\/2025\/08\/47-1.png\" alt=\"\" class=\"wp-image-319\" srcset=\"https:\/\/protech24.com.ar\/wp-content\/uploads\/2025\/08\/47-1.png 1080w, https:\/\/protech24.com.ar\/wp-content\/uploads\/2025\/08\/47-1-300x300.png 300w, https:\/\/protech24.com.ar\/wp-content\/uploads\/2025\/08\/47-1-1024x1024.png 1024w, https:\/\/protech24.com.ar\/wp-content\/uploads\/2025\/08\/47-1-150x150.png 150w, https:\/\/protech24.com.ar\/wp-content\/uploads\/2025\/08\/47-1-768x768.png 768w, https:\/\/protech24.com.ar\/wp-content\/uploads\/2025\/08\/47-1-600x600.png 600w\" sizes=\"auto, (max-width: 1080px) 100vw, 1080px\" \/><\/figure>\n<\/div>\n\n\n<p><\/p>\n","protected":false},"excerpt":{"rendered":"<p>Pro-Tech24 es una empresa l\u00edder en instalaci\u00f3n, mantenimiento y monitoreo de sistemas de alarmas, as\u00ed como servicio de instalaci\u00f3n de c\u00e1maras con grabaci\u00f3n digital y servicio de video monitoreo, asociado mayorista de Central de Monitoreo Rosario, contando con operadores de primer nivel, y servicio t\u00e9cnico de post venta propio. Conf\u00ede usted tambi\u00e9n en Pro-Tech24<\/p>\n","protected":false},"author":2,"featured_media":0,"parent":0,"menu_order":0,"comment_status":"closed","ping_status":"closed","template":"","meta":{"ocean_post_layout":"","ocean_both_sidebars_style":"","ocean_both_sidebars_content_width":0,"ocean_both_sidebars_sidebars_width":0,"ocean_sidebar":"0","ocean_second_sidebar":"0","ocean_disable_margins":"enable","ocean_add_body_class":"","ocean_shortcode_before_top_bar":"","ocean_shortcode_after_top_bar":"","ocean_shortcode_before_header":"","ocean_shortcode_after_header":"","ocean_has_shortcode":"","ocean_shortcode_after_title":"","ocean_shortcode_before_footer_widgets":"","ocean_shortcode_after_footer_widgets":"","ocean_shortcode_before_footer_bottom":"","ocean_shortcode_after_footer_bottom":"","ocean_display_top_bar":"default","ocean_display_header":"default","ocean_header_style":"","ocean_center_header_left_menu":"0","ocean_custom_header_template":"0","ocean_custom_logo":0,"ocean_custom_retina_logo":0,"ocean_custom_logo_max_width":0,"ocean_custom_logo_tablet_max_width":0,"ocean_custom_logo_mobile_max_width":0,"ocean_custom_logo_max_height":0,"ocean_custom_logo_tablet_max_height":0,"ocean_custom_logo_mobile_max_height":0,"ocean_header_custom_menu":"0","ocean_menu_typo_font_family":"0","ocean_menu_typo_font_subset":"","ocean_menu_typo_font_size":0,"ocean_menu_typo_font_size_tablet":0,"ocean_menu_typo_font_size_mobile":0,"ocean_menu_typo_font_size_unit":"px","ocean_menu_typo_font_weight":"","ocean_menu_typo_font_weight_tablet":"","ocean_menu_typo_font_weight_mobile":"","ocean_menu_typo_transform":"","ocean_menu_typo_transform_tablet":"","ocean_menu_typo_transform_mobile":"","ocean_menu_typo_line_height":0,"ocean_menu_typo_line_height_tablet":0,"ocean_menu_typo_line_height_mobile":0,"ocean_menu_typo_line_height_unit":"","ocean_menu_typo_spacing":0,"ocean_menu_typo_spacing_tablet":0,"ocean_menu_typo_spacing_mobile":0,"ocean_menu_typo_spacing_unit":"","ocean_menu_link_color":"","ocean_menu_link_color_hover":"","ocean_menu_link_color_active":"","ocean_menu_link_background":"","ocean_menu_link_hover_background":"","ocean_menu_link_active_background":"","ocean_menu_social_links_bg":"","ocean_menu_social_hover_links_bg":"","ocean_menu_social_links_color":"","ocean_menu_social_hover_links_color":"","ocean_disable_title":"default","ocean_disable_heading":"default","ocean_post_title":"","ocean_post_subheading":"","ocean_post_title_style":"","ocean_post_title_background_color":"","ocean_post_title_background":0,"ocean_post_title_bg_image_position":"","ocean_post_title_bg_image_attachment":"","ocean_post_title_bg_image_repeat":"","ocean_post_title_bg_image_size":"","ocean_post_title_height":0,"ocean_post_title_bg_overlay":0.5,"ocean_post_title_bg_overlay_color":"","ocean_disable_breadcrumbs":"default","ocean_breadcrumbs_color":"","ocean_breadcrumbs_separator_color":"","ocean_breadcrumbs_links_color":"","ocean_breadcrumbs_links_hover_color":"","ocean_display_footer_widgets":"default","ocean_display_footer_bottom":"default","ocean_custom_footer_template":"0","footnotes":""},"class_list":["post-9","page","type-page","status-publish","hentry","entry"],"_links":{"self":[{"href":"https:\/\/protech24.com.ar\/index.php?rest_route=\/wp\/v2\/pages\/9","targetHints":{"allow":["GET"]}}],"collection":[{"href":"https:\/\/protech24.com.ar\/index.php?rest_route=\/wp\/v2\/pages"}],"about":[{"href":"https:\/\/protech24.com.ar\/index.php?rest_route=\/wp\/v2\/types\/page"}],"author":[{"embeddable":true,"href":"https:\/\/protech24.com.ar\/index.php?rest_route=\/wp\/v2\/users\/2"}],"replies":[{"embeddable":true,"href":"https:\/\/protech24.com.ar\/index.php?rest_route=%2Fwp%2Fv2%2Fcomments&post=9"}],"version-history":[{"count":25,"href":"https:\/\/protech24.com.ar\/index.php?rest_route=\/wp\/v2\/pages\/9\/revisions"}],"predecessor-version":[{"id":320,"href":"https:\/\/protech24.com.ar\/index.php?rest_route=\/wp\/v2\/pages\/9\/revisions\/320"}],"wp:attachment":[{"href":"https:\/\/protech24.com.ar\/index.php?rest_route=%2Fwp%2Fv2%2Fmedia&parent=9"}],"curies":[{"name":"wp","href":"https:\/\/api.w.org\/{rel}","templated":true}]}}